{"id":2684825000,"date":"2026-08-25T09:30:43","date_gmt":"2026-08-25T09:30:43","guid":{"rendered":"https:\/\/paltinul.ro\/?post_type=property&#038;p=2684825000"},"modified":"2026-09-05T04:01:48","modified_gmt":"2026-09-05T02:01:48","slug":"apartament-1-camera-de-inchiriat-calea-poplacii-belvedere-sibiu-cp2684825","status":"publish","type":"property","link":"https:\/\/paltinul.ro\/en\/property\/apartament-1-camera-de-inchiriat-calea-poplacii-belvedere-sibiu-cp2684825\/","title":{"rendered":"Apartament 1 camer\u0103 de \u00eenchiriat | Calea Popl\u0103cii \u2013 Belvedere, Sibiu"},"content":{"rendered":"<p>De \u00eenchiriat apartament cu o camer\u0103 \u2013 Calea Popl\u0103cii, str. Colinei, l\u00e2ng\u0103 Parcul Belvedere, Sibiu<\/p>\n<p>\u00ce\u021bi prezent\u0103m un apartament modern, cu o suprafa\u021b\u0103 util\u0103 de 35 mp, situat \u00eentr-un bloc nou, construit \u00een 2010, cu lift \u0219i acces facil c\u0103tre toate punctele de interes din Sibiu.<\/p>\n<p>Caracteristici principale:<br \/>\nCamer\u0103 spa\u021bioas\u0103 \u0219i luminoas\u0103, mobilat\u0103 \u0219i finisat\u0103 modern<br \/>\nTeras\u0103 generoas\u0103 \u2013 perfect\u0103 pentru relaxare<br \/>\nLoc de parcare propriu inclus<br \/>\nBox\u0103 la subsol pentru depozitare suplimentar\u0103<br \/>\nCompartimentare semidecomandat\u0103, confort 1<\/p>\n<p>Avantaje loca\u021bie:<br \/>\nZon\u0103 privat\u0103, lini\u0219tit\u0103 \u0219i verde<br \/>\nLa c\u00e2\u021biva pa\u0219i de Parcul Belvedere<br \/>\nAcces rapid c\u0103tre centrul ora\u0219ului \u0219i principalele artere rutiere<\/p>\n<p>Disponibil imediat \u2013 alegerea ideal\u0103 pentru o persoan\u0103 activ\u0103, care \u00ee\u0219i dore\u0219te un spa\u021biu cochet, bine organizat, cu toate facilit\u0103\u021bile necesare.<\/p>\n<p>Nu rata ocazia de a \u00eenchiria un apartament complet echipat, \u00eentr-o zon\u0103 apreciat\u0103 din Sibiu!<\/p>","protected":false},"excerpt":{"rendered":"<p>De \u00eenchiriat apartament cu o camer\u0103 \u2013 Calea Popl\u0103cii, str. Colinei, l\u00e2ng\u0103 Parcul Belvedere, Sibiu \u00ce\u021bi prezent\u0103m un apartament modern, cu o suprafa\u021b\u0103 util\u0103 de 35 mp, situat \u00eentr-un bloc nou, construit \u00een 2010, cu lift \u0219i acces facil c\u0103tre toate punctele de interes din Sibiu. Caracteristici principale: Camer\u0103 spa\u021bioas\u0103 \u0219i luminoas\u0103, mobilat\u0103 \u0219i finisat\u0103 [&hellip;]<\/p>\n","protected":false},"author":1,"featured_media":100000000043235,"parent":0,"menu_order":0,"comment_status":"closed","ping_status":"closed","template":"","property-types":[48],"property-statuses":[25],"property-cities":[12925],"property-features":[12856,12884,12885,12886,12887,12888,12858,12889,12859,12857,12890,12883],"tip_tranzactie":[],"property_type":[],"destinatie":[],"class_list":["post-2684825000","property","type-property","status-publish","has-post-thumbnail","hentry","property-oras-sibiu","property-type-apartament","property-status-de-inchiriat","property-city-calea-poplacii","property-feature-amenajare-strazi","property-feature-apa","property-feature-canalizare","property-feature-catv","property-feature-curent","property-feature-gaz","property-feature-iluminat-stradal","property-feature-internet","property-feature-mijloace-de-transport-in-comun","property-feature-strazi-asfaltate","property-feature-telefon","property-feature-utilitati-generale"],"acf":[],"_links":{"self":[{"href":"https:\/\/paltinul.ro\/en\/wp-json\/wp\/v2\/properties\/2684825000","targetHints":{"allow":["GET"]}}],"collection":[{"href":"https:\/\/paltinul.ro\/en\/wp-json\/wp\/v2\/properties"}],"about":[{"href":"https:\/\/paltinul.ro\/en\/wp-json\/wp\/v2\/types\/property"}],"author":[{"embeddable":true,"href":"https:\/\/paltinul.ro\/en\/wp-json\/wp\/v2\/users\/1"}],"replies":[{"embeddable":true,"href":"https:\/\/paltinul.ro\/en\/wp-json\/wp\/v2\/comments?post=2684825000"}],"version-history":[{"count":1362,"href":"https:\/\/paltinul.ro\/en\/wp-json\/wp\/v2\/properties\/2684825000\/revisions"}],"predecessor-version":[{"id":100000000378452,"href":"https:\/\/paltinul.ro\/en\/wp-json\/wp\/v2\/properties\/2684825000\/revisions\/100000000378452"}],"wp:featuredmedia":[{"embeddable":true,"href":"https:\/\/paltinul.ro\/en\/wp-json\/wp\/v2\/media\/100000000043235"}],"wp:attachment":[{"href":"https:\/\/paltinul.ro\/en\/wp-json\/wp\/v2\/media?parent=2684825000"}],"wp:term":[{"taxonomy":"property-type","embeddable":true,"href":"https:\/\/paltinul.ro\/en\/wp-json\/wp\/v2\/property-types?post=2684825000"},{"taxonomy":"property-status","embeddable":true,"href":"https:\/\/paltinul.ro\/en\/wp-json\/wp\/v2\/property-statuses?post=2684825000"},{"taxonomy":"property-city","embeddable":true,"href":"https:\/\/paltinul.ro\/en\/wp-json\/wp\/v2\/property-cities?post=2684825000"},{"taxonomy":"property-feature","embeddable":true,"href":"https:\/\/paltinul.ro\/en\/wp-json\/wp\/v2\/property-features?post=2684825000"},{"taxonomy":"tip_tranzactie","embeddable":true,"href":"https:\/\/paltinul.ro\/en\/wp-json\/wp\/v2\/tip_tranzactie?post=2684825000"},{"taxonomy":"property_type","embeddable":true,"href":"https:\/\/paltinul.ro\/en\/wp-json\/wp\/v2\/property_type?post=2684825000"},{"taxonomy":"destinatie","embeddable":true,"href":"https:\/\/paltinul.ro\/en\/wp-json\/wp\/v2\/destinatie?post=2684825000"}],"curies":[{"name":"wp","href":"https:\/\/api.w.org\/{rel}","templated":true}]}}

Apartament 1 cameră de închiriat | Calea Poplăcii – Belvedere, Sibiu

<p>De închiriat apartament cu o cameră – Calea Poplăcii, str. Colinei, lângă Parcul Belvedere, Sibiu</p>
<p>Îți prezentăm un apartament modern, cu o suprafață utilă de 35 mp, situat într-un bloc nou, construit în 2010, cu lift și acces facil către toate punctele de interes din Sibiu.</p>
<p>Caracteristici principale:<br />
Cameră spațioasă și luminoasă, mobilată și finisată modern<br />
Terasă generoasă – perfectă pentru relaxare<br />
Loc de parcare propriu inclus<br />
Boxă la subsol pentru depozitare suplimentară<br />
Compartimentare semidecomandată, confort 1</p>
<p>Avantaje locație:<br />
Zonă privată, liniștită și verde<br />
La câțiva pași de Parcul Belvedere<br />
Acces rapid către centrul orașului și principalele artere rutiere</p>
<p>Disponibil imediat – alegerea ideală pentru o persoană activă, care își dorește un spațiu cochet, bine organizat, cu toate facilitățile necesare.</p>
<p>Nu rata ocazia de a închiria un apartament complet echipat, într-o zonă apreciată din Sibiu!</p>

<p>De închiriat apartament cu o cameră – Calea Poplăcii, str. Colinei, lângă Parcul Belvedere, Sibiu Îți prezentăm un apartament modern, cu o suprafață utilă de 35 mp, situat într-un bloc nou, construit în 2010, cu lift și acces facil către toate punctele de interes din Sibiu. Caracteristici principale: Cameră spațioasă și luminoasă, mobilată și finisată [&hellip;]</p>
