{"id":2530045000,"date":"2025-10-16T12:43:49","date_gmt":"2025-10-16T12:43:49","guid":{"rendered":"https:\/\/paltinul.ro\/?post_type=property&#038;p=2530045000"},"modified":"2026-04-28T17:02:27","modified_gmt":"2026-04-28T15:02:27","slug":"spatiu-birouri-de-inchiriat-200-mp-etaj-complet-central-sibiu-cp2530045","status":"publish","type":"property","link":"https:\/\/paltinul.ro\/en\/property\/spatiu-birouri-de-inchiriat-200-mp-etaj-complet-central-sibiu-cp2530045\/","title":{"rendered":"Spa\u021biu birouri de \u00eenchiriat \u2013 200 mp etaj complet, central, Sibiu"},"content":{"rendered":"<p>Paltinul Imobiliare v\u0103 propune spre \u00eenchiriere un spa\u021biu de birouri modern \u0219i elegant, situat ultracentral \u00een Sibiu, la c\u00e2\u021biva pa\u0219i de Promenada Mall. Etaj complet de 200 mp, \u00eentr-o cl\u0103dire nou\u0103, premium, cu facilit\u0103\u021bi tehnice \u0219i confort de top \u2013 ideal pentru companii din domenii precum IT, consultan\u021b\u0103, servicii medicale, educa\u021bie sau BPO.<\/p>\n<p>Loca\u021bie excelent\u0103:<br \/>\nZona central\u0103 \u2013 aproape de mall, institu\u021bii, clinici \u0219i mijloace de transport<\/p>\n<p>Detalii spa\u021biu:<br \/>\nSuprafa\u021b\u0103: 200 mp \/ etaj complet<br \/>\nCompartimentare open-space \u2013 adaptabil\u0103 \u00een func\u021bie de nevoi<br \/>\nSe pred\u0103 la cheie, cu finisaje moderne<br \/>\nCl\u0103dire nou\u0103, construit\u0103 la standarde premium<\/p>\n<p>Dot\u0103ri \u0219i facilit\u0103\u021bi de ultim\u0103 genera\u021bie:<br \/>\nLift pentru 8 persoane<br \/>\nBuc\u0103t\u0103rie \u0219i 2 b\u0103i pe fiecare etaj<br \/>\nVentiloconvectoare pentru r\u0103cire\/\u00eenc\u0103lzire zonal\u0103<br \/>\nControl smart al temperaturii, accesibil de la distan\u021b\u0103<br \/>\nAutorizare ISU \u0219i sistem de siguran\u021b\u0103 complet: camere video, antiefrac\u021bie, control acces<br \/>\nFibra optic\u0103 de la 2 furnizori<br \/>\nPutere electric\u0103 180 KW + generator de rezerv\u0103<br \/>\nSta\u021bie de \u00eenc\u0103rcare pentru ma\u0219ini electrice<br \/>\nFa\u021bad\u0103 ventilat\u0103 modern\u0103<br \/>\nContorizare separat\u0103 pe fiecare etaj<br \/>\nParcare subteran\u0103 \u0219i locuri suplimentare \u00een fa\u021b\u0103\/spate<\/p>\n<p>Ideal pentru:<br \/>\nSediu firm\u0103 IT<br \/>\nServicii de consultan\u021b\u0103 sau contabilitate<br \/>\nCentru educa\u021bional \/ afterschool<br \/>\nClinic\u0103 medical\u0103 \/ stomatologic\u0103<br \/>\nBPO \/ Call-center<br \/>\nBirouri corporate<\/p>\n<p>Contacteaz\u0103-ne pentru o vizionare!<br \/>\nLa Paltinul Imobiliare, cu o experien\u021b\u0103 de peste 22 de ani \u00een imobiliare, g\u0103sim spa\u021biul potrivit pentru viziunea ta de business.<\/p>","protected":false},"excerpt":{"rendered":"<p>Paltinul Imobiliare v\u0103 propune spre \u00eenchiriere un spa\u021biu de birouri modern \u0219i elegant, situat ultracentral \u00een Sibiu, la c\u00e2\u021biva pa\u0219i de Promenada Mall. Etaj complet de 200 mp, \u00eentr-o cl\u0103dire nou\u0103, premium, cu facilit\u0103\u021bi tehnice \u0219i confort de top \u2013 ideal pentru companii din domenii precum IT, consultan\u021b\u0103, servicii medicale, educa\u021bie sau BPO. Loca\u021bie excelent\u0103: [&hellip;]<\/p>\n","protected":false},"author":1,"featured_media":100000000069214,"parent":0,"menu_order":0,"comment_status":"closed","ping_status":"closed","template":"","property-types":[50],"property-statuses":[25],"property-cities":[12924],"property-features":[12997,12977,12981,12990,12998,12999,13003,12982,12992,12993,13000,12984,13001,12988,12985,12956,12983,12986,12889,12955,12914,12927,12991,12994,12996,12995,13002,12987,12989,12890],"tip_tranzactie":[],"property_type":[],"destinatie":[],"class_list":["post-2530045000","property","type-property","status-publish","has-post-thumbnail","hentry","property-oras-sibiu","property-type-spatiu-birouri","property-status-de-inchiriat","property-city-central","property-feature-acces-securizat-parcare","property-feature-afisare-logo-pe-cladire","property-feature-arhitectura","property-feature-centru-comercial-in-apropiere","property-feature-control-acces-securizat-pe-baza-de-cartele","property-feature-control-al-accesului-pe-zone","property-feature-control-electric-individual-pe-zona-de-birou","property-feature-cortina-de-sticla","property-feature-curatenie-exterioara","property-feature-curatenie-spatii-comune","property-feature-detectoare-de-fum-incendiu","property-feature-elemente-eco","property-feature-extinctoare-sprinkler","property-feature-facilitati-cladire-proximitati","property-feature-fatada-ventilata","property-feature-garaj-subteran","property-feature-grupuri-sanitare-amenajate-si-utilate","property-feature-incarcator-auto-electrice","property-feature-internet","property-feature-itc","property-feature-parcare","property-feature-parcare-deschisa","property-feature-servicii-asigurate-in-cladire","property-feature-servicii-de-intretinere-si-reparatii-lifturi","property-feature-siguranta-si-securitate","property-feature-sistem-de-ventilatie","property-feature-sistem-electric","property-feature-sistem-electric-inteligent","property-feature-statie-de-autobuz-in-apropiere","property-feature-telefon"],"acf":[],"_links":{"self":[{"href":"https:\/\/paltinul.ro\/en\/wp-json\/wp\/v2\/properties\/2530045000","targetHints":{"allow":["GET"]}}],"collection":[{"href":"https:\/\/paltinul.ro\/en\/wp-json\/wp\/v2\/properties"}],"about":[{"href":"https:\/\/paltinul.ro\/en\/wp-json\/wp\/v2\/types\/property"}],"author":[{"embeddable":true,"href":"https:\/\/paltinul.ro\/en\/wp-json\/wp\/v2\/users\/1"}],"replies":[{"embeddable":true,"href":"https:\/\/paltinul.ro\/en\/wp-json\/wp\/v2\/comments?post=2530045000"}],"version-history":[{"count":444,"href":"https:\/\/paltinul.ro\/en\/wp-json\/wp\/v2\/properties\/2530045000\/revisions"}],"predecessor-version":[{"id":100000000250464,"href":"https:\/\/paltinul.ro\/en\/wp-json\/wp\/v2\/properties\/2530045000\/revisions\/100000000250464"}],"wp:featuredmedia":[{"embeddable":true,"href":"https:\/\/paltinul.ro\/en\/wp-json\/wp\/v2\/media\/100000000069214"}],"wp:attachment":[{"href":"https:\/\/paltinul.ro\/en\/wp-json\/wp\/v2\/media?parent=2530045000"}],"wp:term":[{"taxonomy":"property-type","embeddable":true,"href":"https:\/\/paltinul.ro\/en\/wp-json\/wp\/v2\/property-types?post=2530045000"},{"taxonomy":"property-status","embeddable":true,"href":"https:\/\/paltinul.ro\/en\/wp-json\/wp\/v2\/property-statuses?post=2530045000"},{"taxonomy":"property-city","embeddable":true,"href":"https:\/\/paltinul.ro\/en\/wp-json\/wp\/v2\/property-cities?post=2530045000"},{"taxonomy":"property-feature","embeddable":true,"href":"https:\/\/paltinul.ro\/en\/wp-json\/wp\/v2\/property-features?post=2530045000"},{"taxonomy":"tip_tranzactie","embeddable":true,"href":"https:\/\/paltinul.ro\/en\/wp-json\/wp\/v2\/tip_tranzactie?post=2530045000"},{"taxonomy":"property_type","embeddable":true,"href":"https:\/\/paltinul.ro\/en\/wp-json\/wp\/v2\/property_type?post=2530045000"},{"taxonomy":"destinatie","embeddable":true,"href":"https:\/\/paltinul.ro\/en\/wp-json\/wp\/v2\/destinatie?post=2530045000"}],"curies":[{"name":"wp","href":"https:\/\/api.w.org\/{rel}","templated":true}]}}

Spațiu birouri de închiriat – 200 mp etaj complet, central, Sibiu

<p>Paltinul Imobiliare vă propune spre închiriere un spațiu de birouri modern și elegant, situat ultracentral în Sibiu, la câțiva pași de Promenada Mall. Etaj complet de 200 mp, într-o clădire nouă, premium, cu facilități tehnice și confort de top – ideal pentru companii din domenii precum IT, consultanță, servicii medicale, educație sau BPO.</p>
<p>Locație excelentă:<br />
Zona centrală – aproape de mall, instituții, clinici și mijloace de transport</p>
<p>Detalii spațiu:<br />
Suprafață: 200 mp / etaj complet<br />
Compartimentare open-space – adaptabilă în funcție de nevoi<br />
Se predă la cheie, cu finisaje moderne<br />
Clădire nouă, construită la standarde premium</p>
<p>Dotări și facilități de ultimă generație:<br />
Lift pentru 8 persoane<br />
Bucătărie și 2 băi pe fiecare etaj<br />
Ventiloconvectoare pentru răcire/încălzire zonală<br />
Control smart al temperaturii, accesibil de la distanță<br />
Autorizare ISU și sistem de siguranță complet: camere video, antiefracție, control acces<br />
Fibra optică de la 2 furnizori<br />
Putere electrică 180 KW + generator de rezervă<br />
Stație de încărcare pentru mașini electrice<br />
Fațadă ventilată modernă<br />
Contorizare separată pe fiecare etaj<br />
Parcare subterană și locuri suplimentare în față/spate</p>
<p>Ideal pentru:<br />
Sediu firmă IT<br />
Servicii de consultanță sau contabilitate<br />
Centru educațional / afterschool<br />
Clinică medicală / stomatologică<br />
BPO / Call-center<br />
Birouri corporate</p>
<p>Contactează-ne pentru o vizionare!<br />
La Paltinul Imobiliare, cu o experiență de peste 22 de ani în imobiliare, găsim spațiul potrivit pentru viziunea ta de business.</p>

<p>Paltinul Imobiliare vă propune spre închiriere un spațiu de birouri modern și elegant, situat ultracentral în Sibiu, la câțiva pași de Promenada Mall. Etaj complet de 200 mp, într-o clădire nouă, premium, cu facilități tehnice și confort de top – ideal pentru companii din domenii precum IT, consultanță, servicii medicale, educație sau BPO. Locație excelentă: [&hellip;]</p>
