{"id":1600084000,"date":"2026-04-08T15:55:22","date_gmt":"2026-04-08T15:55:22","guid":{"rendered":"https:\/\/paltinul.ro\/?post_type=property&#038;p=1600084000"},"modified":"2026-04-28T17:04:24","modified_gmt":"2026-04-28T15:04:24","slug":"casa-de-inchiriat-in-parcul-sub-arini-eficienta-energetica-a-cp1600084","status":"publish","type":"property","link":"https:\/\/paltinul.ro\/en\/property\/casa-de-inchiriat-in-parcul-sub-arini-eficienta-energetica-a-cp1600084\/","title":{"rendered":"Cas\u0103 de \u00eenchiriat \u00een Parcul Sub Arini eficien\u021b\u0103 energetic\u0103 A+++"},"content":{"rendered":"<p>Oferim spre \u00eenchiriere un imobil ultra-eficient energetic, situat \u00een cartierul \u0218trand, una dintre cele mai bine cotate zone din Sibiu. Pozi\u021bionat\u0103 aproape de Bulevardul Victoriei, \u00eentr-o zon\u0103 accesibil\u0103 \u0219i lini\u0219tit\u0103, aceast\u0103 proprietate este ideal\u0103 pentru companii, cabinete sau activit\u0103\u021bi de tip educa\u021bional sau medical.<\/p>\n<p>Caracteristici principale:<br \/>\nSuprafa\u021b\u0103 util\u0103: 350 mp<\/p>\n<p>Distribu\u021bie: demisol, parter, etaj \u0219i pod \u2013 compartimentare conform releveelor aprobate prin autoriza\u021bia de construc\u021bie din 2008<br \/>\nCurte proprie: 6 locuri de parcare, parcare biciclete, spa\u021biu verde<br \/>\nLift: acces pentru persoane cu dizabilit\u0103\u021bi locomotorii<\/p>\n<p>Amplasament:<br \/>\nZona \u0218trand \u2013 aproape de B-dul Victoriei<br \/>\nStrad\u0103 asfaltat\u0103, iluminat\u0103, acces rapid spre centrul ora\u0219ului<br \/>\nAproape de: spa\u021bii comerciale, mijloace de transport, zone verzi \u0219i institu\u021bii publice<\/p>\n<p>Dot\u0103ri \u0219i eficien\u021b\u0103 energetic\u0103:<br \/>\nClasificare energetic\u0103: A+++ \u2013 costuri minime cu utilit\u0103\u021bile<br \/>\nPanouri fotovoltaice 22 kW \u0219i pomp\u0103 de c\u0103ldur\u0103 \u2013 reduc consumul de gaz la minimum<br \/>\nSistem de control acces \u0219i monitorizare video<br \/>\nCentrala termic\u0103 + \u00eenc\u0103lzire electric\u0103 la b\u0103i \u0219i oficiu<br \/>\nLift pentru persoane cu dizabilit\u0103\u021bi la parter<\/p>\n<p>Conectivitate \u0219i IT:<br \/>\nAlimentare electric\u0103 de 60 kW<br \/>\nBran\u0219amente fibr\u0103 optic\u0103 de la doi furnizori<\/p>\n<p>Op\u021bional \u2013 spa\u021biul poate r\u0103m\u00e2ne complet mobilat:<br \/>\nScaune ergonomice, birouri reglabile pe \u00een\u0103l\u021bime<br \/>\nWhiteboarduri, televizoare, dulapuri \u0219i dulap ignifug<\/p>\n<p>Scaun de masaj<\/p>\n<p>Detalii administrative:<br \/>\nDisponibil din 1 septembrie 2025<\/p>\n<p>Paltinul Imobiliare \u2013 22 de ani de expertiz\u0103 pe pia\u021ba imobiliar\u0103 din Sibiu. Promov\u0103m propriet\u0103\u021bi valoroase pentru afaceri de viitor.<\/p>","protected":false},"excerpt":{"rendered":"<p>Oferim spre \u00eenchiriere un imobil ultra-eficient energetic, situat \u00een cartierul \u0218trand, una dintre cele mai bine cotate zone din Sibiu. Pozi\u021bionat\u0103 aproape de Bulevardul Victoriei, \u00eentr-o zon\u0103 accesibil\u0103 \u0219i lini\u0219tit\u0103, aceast\u0103 proprietate este ideal\u0103 pentru companii, cabinete sau activit\u0103\u021bi de tip educa\u021bional sau medical. Caracteristici principale: Suprafa\u021b\u0103 util\u0103: 350 mp Distribu\u021bie: demisol, parter, etaj \u0219i [&hellip;]<\/p>\n","protected":false},"author":1,"featured_media":100000000044101,"parent":0,"menu_order":0,"comment_status":"closed","ping_status":"closed","template":"","property-types":[50],"property-statuses":[25],"property-cities":[13046],"property-features":[13023,12977,12981,12978,12999,12984,13050,13053,12983,12889,12955,13035,12914,13049,12927,12878,12991,12996,12890,12879],"tip_tranzactie":[],"property_type":[],"destinatie":[],"class_list":["post-1600084000","property","type-property","status-publish","has-post-thumbnail","hentry","property-oras-sibiu","property-type-spatiu-birouri","property-status-de-inchiriat","property-city-strand","property-feature-acces-pentru-persoane-cu-dizabilitati","property-feature-afisare-logo-pe-cladire","property-feature-arhitectura","property-feature-contorizare-separata","property-feature-control-al-accesului-pe-zone","property-feature-elemente-eco","property-feature-ferestre-care-se-deschid","property-feature-ferestre-inclinate","property-feature-grupuri-sanitare-amenajate-si-utilate","property-feature-internet","property-feature-itc","property-feature-panouri-solare","property-feature-parcare","property-feature-parcare-biciclete","property-feature-parcare-deschisa","property-feature-priveliste","property-feature-servicii-asigurate-in-cladire","property-feature-siguranta-si-securitate","property-feature-telefon","property-feature-vedere-spre-oras"],"acf":[],"_links":{"self":[{"href":"https:\/\/paltinul.ro\/en\/wp-json\/wp\/v2\/properties\/1600084000","targetHints":{"allow":["GET"]}}],"collection":[{"href":"https:\/\/paltinul.ro\/en\/wp-json\/wp\/v2\/properties"}],"about":[{"href":"https:\/\/paltinul.ro\/en\/wp-json\/wp\/v2\/types\/property"}],"author":[{"embeddable":true,"href":"https:\/\/paltinul.ro\/en\/wp-json\/wp\/v2\/users\/1"}],"replies":[{"embeddable":true,"href":"https:\/\/paltinul.ro\/en\/wp-json\/wp\/v2\/comments?post=1600084000"}],"version-history":[{"count":443,"href":"https:\/\/paltinul.ro\/en\/wp-json\/wp\/v2\/properties\/1600084000\/revisions"}],"predecessor-version":[{"id":100000000250612,"href":"https:\/\/paltinul.ro\/en\/wp-json\/wp\/v2\/properties\/1600084000\/revisions\/100000000250612"}],"wp:featuredmedia":[{"embeddable":true,"href":"https:\/\/paltinul.ro\/en\/wp-json\/wp\/v2\/media\/100000000044101"}],"wp:attachment":[{"href":"https:\/\/paltinul.ro\/en\/wp-json\/wp\/v2\/media?parent=1600084000"}],"wp:term":[{"taxonomy":"property-type","embeddable":true,"href":"https:\/\/paltinul.ro\/en\/wp-json\/wp\/v2\/property-types?post=1600084000"},{"taxonomy":"property-status","embeddable":true,"href":"https:\/\/paltinul.ro\/en\/wp-json\/wp\/v2\/property-statuses?post=1600084000"},{"taxonomy":"property-city","embeddable":true,"href":"https:\/\/paltinul.ro\/en\/wp-json\/wp\/v2\/property-cities?post=1600084000"},{"taxonomy":"property-feature","embeddable":true,"href":"https:\/\/paltinul.ro\/en\/wp-json\/wp\/v2\/property-features?post=1600084000"},{"taxonomy":"tip_tranzactie","embeddable":true,"href":"https:\/\/paltinul.ro\/en\/wp-json\/wp\/v2\/tip_tranzactie?post=1600084000"},{"taxonomy":"property_type","embeddable":true,"href":"https:\/\/paltinul.ro\/en\/wp-json\/wp\/v2\/property_type?post=1600084000"},{"taxonomy":"destinatie","embeddable":true,"href":"https:\/\/paltinul.ro\/en\/wp-json\/wp\/v2\/destinatie?post=1600084000"}],"curies":[{"name":"wp","href":"https:\/\/api.w.org\/{rel}","templated":true}]}}

Casă de închiriat în Parcul Sub Arini eficiență energetică A+++

<p>Oferim spre închiriere un imobil ultra-eficient energetic, situat în cartierul Ștrand, una dintre cele mai bine cotate zone din Sibiu. Poziționată aproape de Bulevardul Victoriei, într-o zonă accesibilă și liniștită, această proprietate este ideală pentru companii, cabinete sau activități de tip educațional sau medical.</p>
<p>Caracteristici principale:<br />
Suprafață utilă: 350 mp</p>
<p>Distribuție: demisol, parter, etaj și pod – compartimentare conform releveelor aprobate prin autorizația de construcție din 2008<br />
Curte proprie: 6 locuri de parcare, parcare biciclete, spațiu verde<br />
Lift: acces pentru persoane cu dizabilități locomotorii</p>
<p>Amplasament:<br />
Zona Ștrand – aproape de B-dul Victoriei<br />
Stradă asfaltată, iluminată, acces rapid spre centrul orașului<br />
Aproape de: spații comerciale, mijloace de transport, zone verzi și instituții publice</p>
<p>Dotări și eficiență energetică:<br />
Clasificare energetică: A+++ – costuri minime cu utilitățile<br />
Panouri fotovoltaice 22 kW și pompă de căldură – reduc consumul de gaz la minimum<br />
Sistem de control acces și monitorizare video<br />
Centrala termică + încălzire electrică la băi și oficiu<br />
Lift pentru persoane cu dizabilități la parter</p>
<p>Conectivitate și IT:<br />
Alimentare electrică de 60 kW<br />
Branșamente fibră optică de la doi furnizori</p>
<p>Opțional – spațiul poate rămâne complet mobilat:<br />
Scaune ergonomice, birouri reglabile pe înălțime<br />
Whiteboarduri, televizoare, dulapuri și dulap ignifug</p>
<p>Scaun de masaj</p>
<p>Detalii administrative:<br />
Disponibil din 1 septembrie 2025</p>
<p>Paltinul Imobiliare – 22 de ani de expertiză pe piața imobiliară din Sibiu. Promovăm proprietăți valoroase pentru afaceri de viitor.</p>

<p>Oferim spre închiriere un imobil ultra-eficient energetic, situat în cartierul Ștrand, una dintre cele mai bine cotate zone din Sibiu. Poziționată aproape de Bulevardul Victoriei, într-o zonă accesibilă și liniștită, această proprietate este ideală pentru companii, cabinete sau activități de tip educațional sau medical. Caracteristici principale: Suprafață utilă: 350 mp Distribuție: demisol, parter, etaj și [&hellip;]</p>
