{"id":1478357000,"date":"2025-11-17T13:32:07","date_gmt":"2025-11-17T13:32:07","guid":{"rendered":"https:\/\/paltinul.ro\/?post_type=property&#038;p=1478357000"},"modified":"2026-04-28T17:04:43","modified_gmt":"2026-04-28T15:04:43","slug":"casa-de-vanzare-in-calea-poplacii-sibiu-cp1478357","status":"publish","type":"property","link":"https:\/\/paltinul.ro\/en\/property\/casa-de-vanzare-in-calea-poplacii-sibiu-cp1478357\/","title":{"rendered":"Cas\u0103 de v\u00e2nzare \u00een Calea Poplacii \u2013 Sibiu"},"content":{"rendered":"<p>Zon\u0103 excelent\u0103 | Teren 475 mp | Poten\u021bial mare de transformare<\/p>\n<p>Dac\u0103 e\u0219ti \u00een c\u0103utarea unei propriet\u0103\u021bi bine pozi\u021bionate, cu teren generos \u0219i multiple op\u021biuni de reconfigurare, aceast\u0103 cas\u0103 din zona Calea Poplacii \u2013 Parcul Sub Arini poate fi solu\u021bia perfect\u0103.<\/p>\n<p>Detalii proprietate:<br \/>\nSuprafa\u021b\u0103 util\u0103: 160 mp<br \/>\nSuprafa\u021b\u0103 construit\u0103 desf\u0103\u0219urat\u0103: 224 mp<br \/>\nTeren total: 475 mp<br \/>\nNr. camere: 7<br \/>\nNr. b\u0103i: 2<br \/>\nNr. buc\u0103t\u0103rii: 2<br \/>\nGaraj \u0219i magazie \u00een curte<br \/>\nDemisol func\u021bional, inclusiv pivni\u021b\u0103 \u0219i buc\u0103t\u0103rie secundar\u0103<br \/>\nDeschidere la strad\u0103: 13,6 ml<\/p>\n<p>Compartimentare actual\u0103:<br \/>\nParterul este \u00eemp\u0103r\u021bit \u00een dou\u0103 unit\u0103\u021bi:<br \/>\nUnitate 1: 2 camere, buc\u0103t\u0103rie, baie, hol \u0219i c\u0103mar\u0103<br \/>\nUnitate 2: 5 camere, baie, hol mare<br \/>\nDemisol: spa\u021bii utile pentru depozitare sau amenajare<br \/>\nCurte privat\u0103, ideal\u0103 pentru relaxare, gr\u0103din\u0103rit sau locuri de parcare<\/p>\n<p>Ce trebuie s\u0103 \u0219tii:<br \/>\nCasa necesit\u0103 renovare \u2013 o oportunitate pentru cei care \u00ee\u0219i doresc s\u0103 personalizeze totul dup\u0103 propriul gust<br \/>\nIdeal\u0103 pentru reconversie \u00een apartamente de \u00eenchiriat, locuin\u021b\u0103 multifamilial\u0103 sau spa\u021biu pentru birouri<\/p>\n<p>Zon\u0103 de top din Sibiu, la 3 minute de Parcul Sub Arini, aproape de \u0219coli, transport public, magazine, clinici<\/p>\n<p>Investi\u021bie cu poten\u021bial real:<br \/>\nPozi\u021bie excelent\u0103<br \/>\nTeren generos<br \/>\nFlexibilitate \u00een recompartimentare<br \/>\nIdeal\u0103 pentru dezvoltatori sau familii care caut\u0103 o cas\u0103 cu gr\u0103din\u0103 \u00eentr-o zon\u0103 de top<\/p>\n<p>Paltinul Imobiliare \u2013 22 de ani de experien\u021b\u0103 \u00een Sibiu.<br \/>\nInvestim timp doar \u00een propriet\u0103\u021bi cu adev\u0103rat valoroase.<\/p>","protected":false},"excerpt":{"rendered":"<p>Zon\u0103 excelent\u0103 | Teren 475 mp | Poten\u021bial mare de transformare Dac\u0103 e\u0219ti \u00een c\u0103utarea unei propriet\u0103\u021bi bine pozi\u021bionate, cu teren generos \u0219i multiple op\u021biuni de reconfigurare, aceast\u0103 cas\u0103 din zona Calea Poplacii \u2013 Parcul Sub Arini poate fi solu\u021bia perfect\u0103. Detalii proprietate: Suprafa\u021b\u0103 util\u0103: 160 mp Suprafa\u021b\u0103 construit\u0103 desf\u0103\u0219urat\u0103: 224 mp Teren total: 475 [&hellip;]<\/p>\n","protected":false},"author":1,"featured_media":100000000044158,"parent":0,"menu_order":0,"comment_status":"closed","ping_status":"closed","template":"","property-types":[49],"property-statuses":[26],"property-cities":[12925],"property-features":[12854,12856,12884,12860,12861,12881,12885,12886,12882,12887,12896,12873,12868,12915,12888,12869,12897,12858,12889,12912,12911,12859,12914,12877,12872,12899,12875,12880,12857,12890,12893,12918,12891,12892,12883,12874],"tip_tranzactie":[],"property_type":[],"destinatie":[],"class_list":["post-1478357000","property","type-property","status-publish","has-post-thumbnail","hentry","property-oras-sibiu","property-type-casa-vila","property-status-de-vanzare","property-city-calea-poplacii","property-feature-alte-spatii","property-feature-amenajare-strazi","property-feature-apa","property-feature-bucatarie","property-feature-bucatarie-inchisa","property-feature-calorifere","property-feature-canalizare","property-feature-catv","property-feature-centrala-proprie","property-feature-curent","property-feature-curte","property-feature-faianta","property-feature-ferestre","property-feature-garaj","property-feature-gaz","property-feature-geamuri-termopan","property-feature-gradina-proprie","property-feature-iluminat-stradal","property-feature-internet","property-feature-izolatie-exterioara","property-feature-izolatii-termice","property-feature-mijloace-de-transport-in-comun","property-feature-parcare","property-feature-parchet-laminat","property-feature-pereti","property-feature-pivnita","property-feature-podele","property-feature-sistem-incalzire","property-feature-strazi-asfaltate","property-feature-telefon","property-feature-usa-intrare","property-feature-usa-intrare-pvc","property-feature-usi-interior","property-feature-usi-interior-mdf","property-feature-utilitati-generale","property-feature-vopsea-lavabila"],"acf":[],"_links":{"self":[{"href":"https:\/\/paltinul.ro\/en\/wp-json\/wp\/v2\/properties\/1478357000","targetHints":{"allow":["GET"]}}],"collection":[{"href":"https:\/\/paltinul.ro\/en\/wp-json\/wp\/v2\/properties"}],"about":[{"href":"https:\/\/paltinul.ro\/en\/wp-json\/wp\/v2\/types\/property"}],"author":[{"embeddable":true,"href":"https:\/\/paltinul.ro\/en\/wp-json\/wp\/v2\/users\/1"}],"replies":[{"embeddable":true,"href":"https:\/\/paltinul.ro\/en\/wp-json\/wp\/v2\/comments?post=1478357000"}],"version-history":[{"count":443,"href":"https:\/\/paltinul.ro\/en\/wp-json\/wp\/v2\/properties\/1478357000\/revisions"}],"predecessor-version":[{"id":100000000250628,"href":"https:\/\/paltinul.ro\/en\/wp-json\/wp\/v2\/properties\/1478357000\/revisions\/100000000250628"}],"wp:featuredmedia":[{"embeddable":true,"href":"https:\/\/paltinul.ro\/en\/wp-json\/wp\/v2\/media\/100000000044158"}],"wp:attachment":[{"href":"https:\/\/paltinul.ro\/en\/wp-json\/wp\/v2\/media?parent=1478357000"}],"wp:term":[{"taxonomy":"property-type","embeddable":true,"href":"https:\/\/paltinul.ro\/en\/wp-json\/wp\/v2\/property-types?post=1478357000"},{"taxonomy":"property-status","embeddable":true,"href":"https:\/\/paltinul.ro\/en\/wp-json\/wp\/v2\/property-statuses?post=1478357000"},{"taxonomy":"property-city","embeddable":true,"href":"https:\/\/paltinul.ro\/en\/wp-json\/wp\/v2\/property-cities?post=1478357000"},{"taxonomy":"property-feature","embeddable":true,"href":"https:\/\/paltinul.ro\/en\/wp-json\/wp\/v2\/property-features?post=1478357000"},{"taxonomy":"tip_tranzactie","embeddable":true,"href":"https:\/\/paltinul.ro\/en\/wp-json\/wp\/v2\/tip_tranzactie?post=1478357000"},{"taxonomy":"property_type","embeddable":true,"href":"https:\/\/paltinul.ro\/en\/wp-json\/wp\/v2\/property_type?post=1478357000"},{"taxonomy":"destinatie","embeddable":true,"href":"https:\/\/paltinul.ro\/en\/wp-json\/wp\/v2\/destinatie?post=1478357000"}],"curies":[{"name":"wp","href":"https:\/\/api.w.org\/{rel}","templated":true}]}}

Casă de vânzare în Calea Poplacii – Sibiu

<p>Zonă excelentă | Teren 475 mp | Potențial mare de transformare</p>
<p>Dacă ești în căutarea unei proprietăți bine poziționate, cu teren generos și multiple opțiuni de reconfigurare, această casă din zona Calea Poplacii – Parcul Sub Arini poate fi soluția perfectă.</p>
<p>Detalii proprietate:<br />
Suprafață utilă: 160 mp<br />
Suprafață construită desfășurată: 224 mp<br />
Teren total: 475 mp<br />
Nr. camere: 7<br />
Nr. băi: 2<br />
Nr. bucătării: 2<br />
Garaj și magazie în curte<br />
Demisol funcțional, inclusiv pivniță și bucătărie secundară<br />
Deschidere la stradă: 13,6 ml</p>
<p>Compartimentare actuală:<br />
Parterul este împărțit în două unități:<br />
Unitate 1: 2 camere, bucătărie, baie, hol și cămară<br />
Unitate 2: 5 camere, baie, hol mare<br />
Demisol: spații utile pentru depozitare sau amenajare<br />
Curte privată, ideală pentru relaxare, grădinărit sau locuri de parcare</p>
<p>Ce trebuie să știi:<br />
Casa necesită renovare – o oportunitate pentru cei care își doresc să personalizeze totul după propriul gust<br />
Ideală pentru reconversie în apartamente de închiriat, locuință multifamilială sau spațiu pentru birouri</p>
<p>Zonă de top din Sibiu, la 3 minute de Parcul Sub Arini, aproape de școli, transport public, magazine, clinici</p>
<p>Investiție cu potențial real:<br />
Poziție excelentă<br />
Teren generos<br />
Flexibilitate în recompartimentare<br />
Ideală pentru dezvoltatori sau familii care caută o casă cu grădină într-o zonă de top</p>
<p>Paltinul Imobiliare – 22 de ani de experiență în Sibiu.<br />
Investim timp doar în proprietăți cu adevărat valoroase.</p>

<p>Zonă excelentă | Teren 475 mp | Potențial mare de transformare Dacă ești în căutarea unei proprietăți bine poziționate, cu teren generos și multiple opțiuni de reconfigurare, această casă din zona Calea Poplacii – Parcul Sub Arini poate fi soluția perfectă. Detalii proprietate: Suprafață utilă: 160 mp Suprafață construită desfășurată: 224 mp Teren total: 475 [&hellip;]</p>
